{"id":2944,"date":"2024-05-29T22:40:02","date_gmt":"2024-05-29T20:40:02","guid":{"rendered":"https:\/\/fespm.es\/?post_type=product&#038;p=2944"},"modified":"2024-05-29T22:44:53","modified_gmt":"2024-05-29T20:44:53","slug":"los-elementos-de-euclides-biblia-de-de-la-geometria-griega-pedro-miguel-gonzalez-urbaneja","status":"publish","type":"product","link":"https:\/\/fespm.es\/index.php\/producto\/los-elementos-de-euclides-biblia-de-de-la-geometria-griega-pedro-miguel-gonzalez-urbaneja\/","title":{"rendered":"LOS ELEMENTOS DE EUCLIDES BIBLIA DE DE LA GEOMETR\u00cdA GRIEGA Pedro Miguel Gonz\u00e1lez Urbaneja"},"content":{"rendered":"<p>Los Elementos de Euclides constituyen una magn\u00edfica estructura de ingenier\u00eda l\u00f3gica y matem\u00e1tica, hilvanada en 465 proposiciones, todas verdaderas, que han resistido la implacable prueba del tiempo. Ninguna otra obra cient\u00edfica coet\u00e1nea resiste una m\u00ednima comparaci\u00f3n con Los Elementos.<\/p>\n","protected":false},"excerpt":{"rendered":"<p>LOS ELEMENTOS DE EUCLIDES BIBLIA DE DE LA GEOMETR\u00cdA GRIEGA<\/p>\n","protected":false},"featured_media":755,"comment_status":"open","ping_status":"closed","template":"","meta":[],"product_cat":[79,77],"product_tag":[],"class_list":["post-2944","product","type-product","status-publish","has-post-thumbnail","hentry","product_cat-papel","product_cat-publicaciones"],"_links":{"self":[{"href":"https:\/\/fespm.es\/index.php\/wp-json\/wp\/v2\/product\/2944","targetHints":{"allow":["GET"]}}],"collection":[{"href":"https:\/\/fespm.es\/index.php\/wp-json\/wp\/v2\/product"}],"about":[{"href":"https:\/\/fespm.es\/index.php\/wp-json\/wp\/v2\/types\/product"}],"replies":[{"embeddable":true,"href":"https:\/\/fespm.es\/index.php\/wp-json\/wp\/v2\/comments?post=2944"}],"wp:featuredmedia":[{"embeddable":true,"href":"https:\/\/fespm.es\/index.php\/wp-json\/wp\/v2\/media\/755"}],"wp:attachment":[{"href":"https:\/\/fespm.es\/index.php\/wp-json\/wp\/v2\/media?parent=2944"}],"wp:term":[{"taxonomy":"product_cat","embeddable":true,"href":"https:\/\/fespm.es\/index.php\/wp-json\/wp\/v2\/product_cat?post=2944"},{"taxonomy":"product_tag","embeddable":true,"href":"https:\/\/fespm.es\/index.php\/wp-json\/wp\/v2\/product_tag?post=2944"}],"curies":[{"name":"wp","href":"https:\/\/api.w.org\/{rel}","templated":true}]}}