{"id":2824,"date":"2024-02-17T20:48:00","date_gmt":"2024-02-17T18:48:00","guid":{"rendered":"https:\/\/fespm.es\/?post_type=product&#038;p=2824"},"modified":"2024-02-17T20:48:00","modified_gmt":"2024-02-17T18:48:00","slug":"calculo-infinitesimal-antonio-j-duran","status":"publish","type":"product","link":"https:\/\/fespm.es\/index.php\/producto\/calculo-infinitesimal-antonio-j-duran\/","title":{"rendered":"C\u00e1lculo infinitesimal  Antonio J. Dur\u00e1n"},"content":{"rendered":"<section>\n<div class=\"book-synopsis\">\n<p>El c\u00e1lculo infinitesimal es una herramienta cient\u00edfica y tecnol\u00f3gica de primer nivel: sin duda la m\u00e1s potente y eficaz para el estudio de la naturaleza que hayan desarrollado jam\u00e1s los matem\u00e1ticos. Lo que lo hace tan vers\u00e1til es la gran variedad de procesos de toda \u00edndole, matem\u00e1ticos, f\u00edsicos, tecnol\u00f3gicos, econ\u00f3micos, biol\u00f3gicos&#8230;, que se modelizan y resuelven usando el c\u00e1lculo infinitesimal. Parafraseando a Galileo, se puede afirmar que el c\u00e1lculo infinitesimal es el lenguaje de la naturaleza. Sin embargo, pocas personas conocen la gran versatilidad de los conceptos b\u00e1sicos del c\u00e1lculo: la derivada y la integral. Este libro pretende ser una gu\u00eda b\u00e1sica del c\u00e1lculo, enriquecida con abundancia de ejemplos y alguna de sus aplicaciones estelares, que pueda ofrecer (al profesorado, pero en general, a cualquiera) un m\u00e1s apropiado acercamiento a unas de las mayores aportaciones de la matem\u00e1tica. Adem\u00e1s, el nacimiento y primer desarrollo del c\u00e1lculo infinitesimal fue un proceso enormemente complejo, intenso, apasionante y extendido en el tiempo, en el que participaron pensadores y cient\u00edficos de la talla de Arqu\u00edmedes, Newton o Leibniz; por esta raz\u00f3n, se han integrado tambi\u00e9n en el texto tanto detalles hist\u00f3ricos como apuntes biogr\u00e1ficos de sus m\u00e1s destacados personajes.<\/p>\n<\/div>\n<\/section>\n<section class=\"row-fluid book-actions\">\n<div class=\"book-definitions span4\"><\/div>\n<\/section>\n","protected":false},"excerpt":{"rendered":"<p>El lenguaje matem\u00e1tico de la naturaleza<\/p>\n","protected":false},"featured_media":1317,"comment_status":"open","ping_status":"closed","template":"","meta":[],"product_cat":[95,79,77],"product_tag":[],"class_list":["post-2824","product","type-product","status-publish","has-post-thumbnail","hentry","product_cat-miradas-matematicas","product_cat-papel","product_cat-publicaciones"],"_links":{"self":[{"href":"https:\/\/fespm.es\/index.php\/wp-json\/wp\/v2\/product\/2824","targetHints":{"allow":["GET"]}}],"collection":[{"href":"https:\/\/fespm.es\/index.php\/wp-json\/wp\/v2\/product"}],"about":[{"href":"https:\/\/fespm.es\/index.php\/wp-json\/wp\/v2\/types\/product"}],"replies":[{"embeddable":true,"href":"https:\/\/fespm.es\/index.php\/wp-json\/wp\/v2\/comments?post=2824"}],"wp:featuredmedia":[{"embeddable":true,"href":"https:\/\/fespm.es\/index.php\/wp-json\/wp\/v2\/media\/1317"}],"wp:attachment":[{"href":"https:\/\/fespm.es\/index.php\/wp-json\/wp\/v2\/media?parent=2824"}],"wp:term":[{"taxonomy":"product_cat","embeddable":true,"href":"https:\/\/fespm.es\/index.php\/wp-json\/wp\/v2\/product_cat?post=2824"},{"taxonomy":"product_tag","embeddable":true,"href":"https:\/\/fespm.es\/index.php\/wp-json\/wp\/v2\/product_tag?post=2824"}],"curies":[{"name":"wp","href":"https:\/\/api.w.org\/{rel}","templated":true}]}}