{"id":944,"date":"2019-04-01T18:06:03","date_gmt":"2019-04-01T16:06:03","guid":{"rendered":"http:\/\/fespm.semrm.com\/?page_id=944"},"modified":"2019-04-01T18:24:17","modified_gmt":"2019-04-01T16:24:17","slug":"olimpiada-matematica","status":"publish","type":"page","link":"https:\/\/fespm.es\/index.php\/olimpiada-matematica\/","title":{"rendered":"Olimpiada Matem\u00e1tica"},"content":{"rendered":"<h2>Historia<\/h2>\n<p>Las competiciones sobre problemas de Matem\u00e1ticas tienen su origen en los comienzos del siglo XX. La m\u00e1s conocida, la \u00abEOTVOS\u00bb, se celebraba durante el primer cuarto del siglo. En el a\u00f1o 1959 nacen unas Olimpiadas Matem\u00e1ticas para alumnos de Ense\u00f1anza Secundaria que agrupaban a distintos pa\u00edses del Este de Europa (Bulgaria, Hungr\u00eda, Polonia, Rumania, Checoslovaquia y las desaparecidas URSS y Rep\u00fablica Democr\u00e1tica Alemana). En 1967 empiezan a participar en las mismas algunos pa\u00edses occidentales.<\/p>\n<p>Desde 1964, bajo el patrocinio de la Real Sociedad Matem\u00e1tica Espa\u00f1ola, se viene celebrando en Espa\u00f1a la Olimpiada Matem\u00e1tica Espa\u00f1ola dirigida a los alumnos de COU en su momento y de 2\u00ba de Bachillerato actualmente. En las \u00faltimas ediciones ha servido para seleccionar a los espa\u00f1oles participantes en la Olimpiada Matem\u00e1tica Internacional.<\/p>\n<p>En la Escuela Primaria este tipo de competiciones no se hab\u00eda organizado en Espa\u00f1a hasta el curso escolar 1980\/1981. Fue entonces cuando la Sociedad Canaria \u00abIsaac Newton\u00bb de Profesores de Matem\u00e1ticas puso en marcha su Torneo de Matem\u00e1ticas, dirigido a alumnos de 8\u00ba de EGB, marc\u00e1ndose como objetivos a conseguir, entre otros, los siguientes: apoyar la renovaci\u00f3n en la forma de hacer Matem\u00e1ticas, impulsar y motivar a profesores y alumnos y detectar tempranamente y fomentar en los alumnos su vocaci\u00f3n hacia la Matem\u00e1tica.<\/p>\n<p>La Sociedad Andaluza de Educaci\u00f3n Matem\u00e1tica \u00abThales\u00bb, en la misma l\u00ednea que la sociedad Isaac Newton, en el curso escolar 1984\/1985, puso en marcha su Olimpiada Matem\u00e1tica, tambi\u00e9n dirigida a alumnos de 8\u00ba de EGB. Acto seguido, fueron materializ\u00e1ndose Olimpiadas Matem\u00e1ticas con \u00e1mbito en las distintas Comunidades Aut\u00f3nomas, hasta llegar a la estructura actual.<\/p>\n<p>La creaci\u00f3n de la Federaci\u00f3n Espa\u00f1ola de Sociedades de Profesores de Matem\u00e1ticas sirvi\u00f3 de base para la creaci\u00f3n de una Olimpiada Matem\u00e1tica de \u00e1mbito nacional que fuese la culminaci\u00f3n de cuantas se hagan en \u00e1mbitos menores. Surge as\u00ed la Olimpiada Matem\u00e1tica Nacional para estudiantes de 8\u00ba de EGB, actualmente 2\u00ba de Educaci\u00f3n Secundaria, que cursen estudios en cualquier centro escolar p\u00fablico o privado de Espa\u00f1a. Su primera edici\u00f3n tuvo lugar en la Comunidad Aut\u00f3noma Navarra en el a\u00f1o 1990 y fue organizada por la Sociedad Navarra de Profesores de Matem\u00e1ticas \u00abTornamira\u00bb.<\/p>\n<h2>\u00bfQui\u00e9n puede participar?<\/h2>\n<p>La OLIMPIADA MATEM\u00c1TICA NACIONAL va dirigida a alumnas y alumnos de 2\u00ba de Educaci\u00f3n Secundaria Obligatoria que cursen estudios en cualquier colegio p\u00fablico o privado de Espa\u00f1a. Participan tambi\u00e9n, en calidad de invitados, alumnado de Andorra.<\/p>\n<h2>\u00bfC\u00f3mo se organiza?<\/h2>\n<p>Esta Actividad, que se realiza en toda Espa\u00f1a, se organiza en tres fases:<br \/>\n&#8211; FASE PROVINCIAL a celebrar en cada provincia de toda Espa\u00f1a. En ella se seleccionan los alumnos que acudir\u00e1n a la siguiente fase. Los alumnos que deseen participar se inscriben voluntariamente, bien directamente o por mediaci\u00f3n de sus centros de estudio.<\/p>\n<p>&#8211; FASE REGIONAL a celebrar en aquellas comunidades (Andaluc\u00eda, Canarias, &#8230;) que est\u00e1n constituidas por m\u00e1s de una provincia y en \u00e9sta se clasifican los alumnos que pasar\u00e1n a la fase nacional.<\/p>\n<p>&#8211; FASE NACIONAL en la que participan representantes de todas las Sociedades de Profesorado de Matem\u00e1ticas que componen la Federaci\u00f3n Espa\u00f1ola de Sociedades de Profesorado de Matem\u00e1ticas. Sirve de encuentro nacional para todos los concursantes de fases anteriores y adem\u00e1s acuden alumnos y profesores, en calidad de invitados, de Andorra.<\/p>\n<p>Las actividades de selecci\u00f3n, que est\u00e1n estructuradas en pruebas individuales y por equipos, pretenden resaltar las capacidades de resoluci\u00f3n de problemas, las componentes culturales de las matem\u00e1ticas y el esp\u00edritu del trabajo colaborativo. Adem\u00e1s de estas actividades matem\u00e1ticas se programan actividades l\u00fadico-recreativas y culturales que permitan conocer las caracter\u00edsticas sociales, hist\u00f3ricas y culturales del lugar donde se organiza la Olimpiada. Ello permite a los participantes convivir en esos d\u00edas con compa\u00f1eras y compa\u00f1eros de otros lugares de Espa\u00f1a y generar v\u00ednculos de amistad que perduran a lo largo del tiempo.<\/p>\n","protected":false},"excerpt":{"rendered":"<p>Historia Las competiciones sobre problemas de Matem\u00e1ticas tienen su origen en los comienzos del siglo XX. La m\u00e1s conocida, la \u00abEOTVOS\u00bb, se celebraba durante el primer cuarto del siglo. En el a\u00f1o 1959 nacen unas Olimpiadas Matem\u00e1ticas para alumnos de Ense\u00f1anza Secundaria que agrupaban a distintos pa\u00edses del Este de Europa (Bulgaria, Hungr\u00eda, Polonia, Rumania, [&hellip;]<\/p>\n","protected":false},"author":1,"featured_media":0,"parent":0,"menu_order":0,"comment_status":"closed","ping_status":"closed","template":"","meta":{"footnotes":""},"class_list":["post-944","page","type-page","status-publish","hentry"],"_links":{"self":[{"href":"https:\/\/fespm.es\/index.php\/wp-json\/wp\/v2\/pages\/944","targetHints":{"allow":["GET"]}}],"collection":[{"href":"https:\/\/fespm.es\/index.php\/wp-json\/wp\/v2\/pages"}],"about":[{"href":"https:\/\/fespm.es\/index.php\/wp-json\/wp\/v2\/types\/page"}],"author":[{"embeddable":true,"href":"https:\/\/fespm.es\/index.php\/wp-json\/wp\/v2\/users\/1"}],"replies":[{"embeddable":true,"href":"https:\/\/fespm.es\/index.php\/wp-json\/wp\/v2\/comments?post=944"}],"version-history":[{"count":3,"href":"https:\/\/fespm.es\/index.php\/wp-json\/wp\/v2\/pages\/944\/revisions"}],"predecessor-version":[{"id":948,"href":"https:\/\/fespm.es\/index.php\/wp-json\/wp\/v2\/pages\/944\/revisions\/948"}],"wp:attachment":[{"href":"https:\/\/fespm.es\/index.php\/wp-json\/wp\/v2\/media?parent=944"}],"curies":[{"name":"wp","href":"https:\/\/api.w.org\/{rel}","templated":true}]}}