{"id":2655,"date":"2023-10-06T09:42:26","date_gmt":"2023-10-06T07:42:26","guid":{"rendered":"https:\/\/fespm.es\/?page_id=2655"},"modified":"2024-12-12T12:58:56","modified_gmt":"2024-12-12T10:58:56","slug":"marcas-y-patentes-fespm","status":"publish","type":"page","link":"https:\/\/fespm.es\/index.php\/marcas-y-patentes-fespm\/","title":{"rendered":"Marcas y patentes FESPM"},"content":{"rendered":"\n<p>La Federaci\u00f3n Espa\u00f1ola de Sociedades de Profesores de Matem\u00e1ticas, en su af\u00e1n de ser garante de las actividades relacionadas con las Matem\u00e1ticas, como representante de una parte importante de la Comunidad Educativa Matem\u00e1tica, y con la finalidad de evitar apropiaciones indebidas de organizaciones privadas o no vinculadas a la Federaci\u00f3n, ha registrado dichas actividades en la Oficina Espa\u00f1ola de Patentes y Marcas, indicadas en la siguiente relaci\u00f3n:<\/p>\n\n\n\n<h3 class=\"wp-block-heading\">Marca nacional M4074046(3) &#8211; MATEM\u00c1TICAS EN LA CALLE &#8211; <a href=\"https:\/\/fespm.es\/wp-content\/uploads\/2023\/10\/marca_matematicas_en_la_calle-FESPM.pdf\" target=\"_blank\" rel=\"noreferrer noopener\">Enlace al documento acreditativo<\/a><\/h3>\n\n\n\n<h3 class=\"wp-block-heading\">Nombre comercial N0417013(X) &#8211; RUTAS MATEM\u00c1TICAS &#8211; <a href=\"https:\/\/fespm.es\/wp-content\/uploads\/2023\/10\/rutas_matematicas-FESPM.pdf\" target=\"_blank\" rel=\"noreferrer noopener\">Enlace al documento acreditativo<\/a><\/h3>\n\n\n\n<h3 class=\"wp-block-heading\">Marca Nacional 4242577\/8 &#8211; Congreso Internacional de Geogebra &#8211; <a href=\"http:\/\/fespm.es\/wp-content\/uploads\/2024\/12\/Patente-Congreso-Internacional-de-GeoGebra.pdf\">Enlace al documento acreditativo<\/a><\/h3>\n\n\n\n<h3 class=\"wp-block-heading\">Nombre comercial N0441976(6) &#8211; SUM REVISTA PARA LA ENSE\u00d1ANZA Y EL APRENDIZAJE DE LAS MATEM\u00c1TICAS &#8211; <a href=\"https:\/\/fespm.es\/wp-content\/uploads\/2023\/10\/SUMA-Revista-FESPM.pdf\" target=\"_blank\" rel=\"noreferrer noopener\">Enlace al documento acreditativo<\/a><\/h3>\n\n\n<div class=\"wp-block-image\">\n<figure class=\"aligncenter size-full\"><img loading=\"lazy\" decoding=\"async\" width=\"401\" height=\"119\" src=\"http:\/\/fespm.es\/wp-content\/uploads\/2023\/10\/suma.jpg\" alt=\"\" class=\"wp-image-2659\" srcset=\"https:\/\/fespm.es\/wp-content\/uploads\/2023\/10\/suma.jpg 401w, https:\/\/fespm.es\/wp-content\/uploads\/2023\/10\/suma-300x89.jpg 300w\" sizes=\"auto, (max-width: 401px) 100vw, 401px\" \/><\/figure><\/div>","protected":false},"excerpt":{"rendered":"<p>La Federaci\u00f3n Espa\u00f1ola de Sociedades de Profesores de Matem\u00e1ticas, en su af\u00e1n de ser garante de las actividades relacionadas con las Matem\u00e1ticas, como representante de una parte importante de la Comunidad Educativa Matem\u00e1tica, y con la finalidad de evitar apropiaciones indebidas de organizaciones privadas o no vinculadas a la Federaci\u00f3n, ha registrado dichas actividades en [&hellip;]<\/p>\n","protected":false},"author":1,"featured_media":434,"parent":0,"menu_order":0,"comment_status":"closed","ping_status":"closed","template":"","meta":{"footnotes":""},"class_list":["post-2655","page","type-page","status-publish","has-post-thumbnail","hentry"],"_links":{"self":[{"href":"https:\/\/fespm.es\/index.php\/wp-json\/wp\/v2\/pages\/2655","targetHints":{"allow":["GET"]}}],"collection":[{"href":"https:\/\/fespm.es\/index.php\/wp-json\/wp\/v2\/pages"}],"about":[{"href":"https:\/\/fespm.es\/index.php\/wp-json\/wp\/v2\/types\/page"}],"author":[{"embeddable":true,"href":"https:\/\/fespm.es\/index.php\/wp-json\/wp\/v2\/users\/1"}],"replies":[{"embeddable":true,"href":"https:\/\/fespm.es\/index.php\/wp-json\/wp\/v2\/comments?post=2655"}],"version-history":[{"count":3,"href":"https:\/\/fespm.es\/index.php\/wp-json\/wp\/v2\/pages\/2655\/revisions"}],"predecessor-version":[{"id":3170,"href":"https:\/\/fespm.es\/index.php\/wp-json\/wp\/v2\/pages\/2655\/revisions\/3170"}],"wp:featuredmedia":[{"embeddable":true,"href":"https:\/\/fespm.es\/index.php\/wp-json\/wp\/v2\/media\/434"}],"wp:attachment":[{"href":"https:\/\/fespm.es\/index.php\/wp-json\/wp\/v2\/media?parent=2655"}],"curies":[{"name":"wp","href":"https:\/\/api.w.org\/{rel}","templated":true}]}}

<p>La Federación Española de Sociedades de Profesores de Matemáticas, en su afán de ser garante de las actividades relacionadas con las Matemáticas, como representante de una parte importante de la Comunidad Educativa Matemática, y con la finalidad de evitar apropiaciones indebidas de organizaciones privadas o no vinculadas a la Federación, ha registrado dichas actividades en la Oficina Española de Patentes y Marcas, indicadas en la siguiente relación:</p>



<h3 class="wp-block-heading">Marca nacional M4074046(3) &#8211; MATEMÁTICAS EN LA CALLE &#8211; <a href="https://fespm.es/wp-content/uploads/2023/10/marca_matematicas_en_la_calle-FESPM.pdf" target="_blank" rel="noreferrer noopener">Enlace al documento acreditativo</a></h3>



<h3 class="wp-block-heading">Nombre comercial N0417013(X) &#8211; RUTAS MATEMÁTICAS &#8211; <a href="https://fespm.es/wp-content/uploads/2023/10/rutas_matematicas-FESPM.pdf" target="_blank" rel="noreferrer noopener">Enlace al documento acreditativo</a></h3>



<h3 class="wp-block-heading">Marca Nacional 4242577/8 &#8211; Congreso Internacional de Geogebra &#8211; <a href="http://fespm.es/wp-content/uploads/2024/12/Patente-Congreso-Internacional-de-GeoGebra.pdf">Enlace al documento acreditativo</a></h3>



<h3 class="wp-block-heading">Nombre comercial N0441976(6) &#8211; SUM REVISTA PARA LA ENSEÑANZA Y EL APRENDIZAJE DE LAS MATEMÁTICAS &#8211; <a href="https://fespm.es/wp-content/uploads/2023/10/SUMA-Revista-FESPM.pdf" target="_blank" rel="noreferrer noopener">Enlace al documento acreditativo</a></h3>


<div class="wp-block-image">
<figure class="aligncenter size-full"><img loading="lazy" decoding="async" width="401" height="119" src="http://fespm.es/wp-content/uploads/2023/10/suma.jpg" alt="" class="wp-image-2659" srcset="https://fespm.es/wp-content/uploads/2023/10/suma.jpg 401w, https://fespm.es/wp-content/uploads/2023/10/suma-300x89.jpg 300w" sizes="auto, (max-width: 401px) 100vw, 401px" /></figure></div>

<p>La Federación Española de Sociedades de Profesores de Matemáticas, en su afán de ser garante de las actividades relacionadas con las Matemáticas, como representante de una parte importante de la Comunidad Educativa Matemática, y con la finalidad de evitar apropiaciones indebidas de organizaciones privadas o no vinculadas a la Federación, ha registrado dichas actividades en [&hellip;]</p>
